{"id":892,"date":"2019-09-06T11:12:05","date_gmt":"2019-09-06T09:12:05","guid":{"rendered":"http:\/\/serralleriamarch.com\/?post_type=forja&#038;p=892"},"modified":"2024-03-28T20:42:20","modified_gmt":"2024-03-28T18:42:20","slug":"mortuori-eclesiastic","status":"publish","type":"forja","link":"https:\/\/serralleriamarch.com\/en\/forja\/mortuori-eclesiastic\/","title":{"rendered":"Mortuori eclesi\u00e0stic"},"content":{"rendered":"\n<h2 class=\"has-text-align-center wp-block-heading\">Des dels inicis de la Serralleria March, sempre hi ha hagut un vincle amb la\u00a0 Bas\u00edlica de Santa Maria de Matar\u00f3.<\/h2>\n\n\n\n<h2 class=\"has-text-align-center wp-block-heading\">Les quatre generacions de forjadors hi han\u00a0 deixat la seva empremta.<\/h2>\n\n\n\n<p>Forgem amb la sensibilitat que es mereix els elements mortuoris i eclesi\u00e0stics, personalitzats per les fam\u00edlies i familiars. Realitzem creus i decoracions per l\u00e0pides, elements i accessoris per panteons i recintes funeraris. Recordatoris i plaques commemoratives. I tot el que comporta la seva protecci\u00f3 d\u2019aquest entorns amb reixes, tancaments, baranes i portes i defenses per les criptes.<\/p>\n\n\n\n<p class=\"has-text-align-center\">Per rendir un \u00faltim homenatge els sers estimats que deixen en aquesta vida.<\/p>\n\n\n\n<p>Tanmateix constru\u00efm tot tipus d\u2019elements de forja de decoraci\u00f3 per les esgl\u00e9sies, bas\u00edliques i ermites. Per il\u00b7luminar i protegir els entorns i espai sagrats com els altars, les capelles i les criptes.&nbsp;<\/p>\n\n\n\n<p class=\"has-text-align-center\">Projectes&nbsp; per complementar i decorar la imatgeria religiosa o b\u00e9 de nova creaci\u00f3.<\/p>\n\n\n\n<div style=\"height:20px\" aria-hidden=\"true\" class=\"wp-block-spacer\"><\/div>\n\n\n\n<figure class=\"wp-block-gallery has-nested-images columns-1 is-cropped wp-block-gallery-1 is-layout-flex wp-block-gallery-is-layout-flex\">\n<figure class=\"wp-block-image\"><img loading=\"lazy\" decoding=\"async\" width=\"768\" height=\"1024\" data-id=\"897\" src=\"https:\/\/serralleriamarch.com\/wp-content\/uploads\/2019\/09\/cruz_forja2-768x1024.jpg\" alt=\"\" class=\"wp-image-897\" srcset=\"https:\/\/serralleriamarch.com\/wp-content\/uploads\/2019\/09\/cruz_forja2.jpg 768w, https:\/\/serralleriamarch.com\/wp-content\/uploads\/2019\/09\/cruz_forja2-225x300.jpg 225w\" sizes=\"(max-width: 768px) 100vw, 768px\" \/><\/figure>\n\n\n\n<figure class=\"wp-block-image\"><img loading=\"lazy\" decoding=\"async\" width=\"768\" height=\"1024\" data-id=\"900\" src=\"https:\/\/serralleriamarch.com\/wp-content\/uploads\/2019\/09\/cruz_forja3-768x1024.jpg\" alt=\"\" class=\"wp-image-900\" srcset=\"https:\/\/serralleriamarch.com\/wp-content\/uploads\/2019\/09\/cruz_forja3.jpg 768w, https:\/\/serralleriamarch.com\/wp-content\/uploads\/2019\/09\/cruz_forja3-225x300.jpg 225w\" sizes=\"(max-width: 768px) 100vw, 768px\" \/><\/figure>\n\n\n\n<figure class=\"wp-block-image\"><img loading=\"lazy\" decoding=\"async\" width=\"768\" height=\"1024\" data-id=\"903\" src=\"https:\/\/serralleriamarch.com\/wp-content\/uploads\/2019\/09\/cruz_forja4-768x1024.jpg\" alt=\"\" class=\"wp-image-903\" srcset=\"https:\/\/serralleriamarch.com\/wp-content\/uploads\/2019\/09\/cruz_forja4.jpg 768w, https:\/\/serralleriamarch.com\/wp-content\/uploads\/2019\/09\/cruz_forja4-225x300.jpg 225w\" sizes=\"(max-width: 768px) 100vw, 768px\" \/><\/figure>\n\n\n\n<figure class=\"wp-block-image\"><img loading=\"lazy\" decoding=\"async\" width=\"768\" height=\"1024\" data-id=\"906\" src=\"https:\/\/serralleriamarch.com\/wp-content\/uploads\/2019\/09\/cruz_forja5-768x1024.jpg\" alt=\"\" class=\"wp-image-906\" srcset=\"https:\/\/serralleriamarch.com\/wp-content\/uploads\/2019\/09\/cruz_forja5.jpg 768w, https:\/\/serralleriamarch.com\/wp-content\/uploads\/2019\/09\/cruz_forja5-225x300.jpg 225w\" sizes=\"(max-width: 768px) 100vw, 768px\" \/><\/figure>\n\n\n\n<figure class=\"wp-block-image\"><img loading=\"lazy\" decoding=\"async\" width=\"1024\" height=\"768\" data-id=\"909\" src=\"https:\/\/serralleriamarch.com\/wp-content\/uploads\/2019\/09\/cruz_forja6-1024x768.jpg\" alt=\"\" class=\"wp-image-909\" srcset=\"https:\/\/serralleriamarch.com\/wp-content\/uploads\/2019\/09\/cruz_forja6.jpg 1024w, https:\/\/serralleriamarch.com\/wp-content\/uploads\/2019\/09\/cruz_forja6-300x225.jpg 300w, https:\/\/serralleriamarch.com\/wp-content\/uploads\/2019\/09\/cruz_forja6-768x576.jpg 768w\" sizes=\"(max-width: 1024px) 100vw, 1024px\" \/><\/figure>\n\n\n\n<figure class=\"wp-block-image\"><img loading=\"lazy\" decoding=\"async\" width=\"1024\" height=\"768\" data-id=\"912\" src=\"https:\/\/serralleriamarch.com\/wp-content\/uploads\/2019\/09\/cruz_forja7-1024x768.jpg\" alt=\"\" class=\"wp-image-912\" srcset=\"https:\/\/serralleriamarch.com\/wp-content\/uploads\/2019\/09\/cruz_forja7.jpg 1024w, https:\/\/serralleriamarch.com\/wp-content\/uploads\/2019\/09\/cruz_forja7-300x225.jpg 300w, https:\/\/serralleriamarch.com\/wp-content\/uploads\/2019\/09\/cruz_forja7-768x576.jpg 768w\" sizes=\"(max-width: 1024px) 100vw, 1024px\" \/><\/figure>\n\n\n\n<figure class=\"wp-block-image\"><img loading=\"lazy\" decoding=\"async\" width=\"768\" height=\"1024\" data-id=\"915\" src=\"https:\/\/serralleriamarch.com\/wp-content\/uploads\/2019\/09\/cruz_forja8-768x1024.jpg\" alt=\"\" class=\"wp-image-915\" srcset=\"https:\/\/serralleriamarch.com\/wp-content\/uploads\/2019\/09\/cruz_forja8.jpg 768w, https:\/\/serralleriamarch.com\/wp-content\/uploads\/2019\/09\/cruz_forja8-225x300.jpg 225w\" sizes=\"(max-width: 768px) 100vw, 768px\" \/><\/figure>\n<\/figure>\n","protected":false},"featured_media":919,"template":"","yoast_head":"<!-- This site is optimized with the Yoast SEO plugin v23.0 - https:\/\/yoast.com\/wordpress\/plugins\/seo\/ -->\n<title>Mortuori eclesi\u00e0stic - Serralleria March<\/title>\n<meta name=\"description\" content=\"Creem elements de mortuori eclesi\u00e0stic totalment a mida i personalitzats. En forma de pla\u00e7a commemorativa, creu, l\u00e0pides o elements accessoris.\" \/>\n<meta name=\"robots\" content=\"index, follow, max-snippet:-1, max-image-preview:large, max-video-preview:-1\" \/>\n<link rel=\"canonical\" href=\"https:\/\/serralleriamarch.com\/forja\/mortuori-eclesiastic\/\" \/>\n<meta property=\"og:locale\" content=\"en_US\" \/>\n<meta property=\"og:type\" content=\"article\" \/>\n<meta property=\"og:title\" content=\"Mortuori eclesi\u00e0stic - Serralleria March\" \/>\n<meta property=\"og:description\" content=\"Creem elements de mortuori eclesi\u00e0stic totalment a mida i personalitzats. En forma de pla\u00e7a commemorativa, creu, l\u00e0pides o elements accessoris.\" \/>\n<meta property=\"og:url\" content=\"https:\/\/serralleriamarch.com\/forja\/mortuori-eclesiastic\/\" \/>\n<meta property=\"og:site_name\" content=\"Serralleria March\" \/>\n<meta property=\"article:modified_time\" content=\"2024-03-28T18:42:20+00:00\" \/>\n<meta property=\"og:image\" content=\"https:\/\/serralleriamarch.com\/wp-content\/uploads\/2019\/09\/cruz_forja_destacat.jpg\" \/>\n\t<meta property=\"og:image:width\" content=\"1633\" \/>\n\t<meta property=\"og:image:height\" content=\"2535\" \/>\n\t<meta property=\"og:image:type\" content=\"image\/jpeg\" \/>\n<meta name=\"twitter:card\" content=\"summary_large_image\" \/>\n<meta name=\"twitter:label1\" content=\"Est. reading time\" \/>\n\t<meta name=\"twitter:data1\" content=\"3 minutes\" \/>\n<script type=\"application\/ld+json\" class=\"yoast-schema-graph\">{\"@context\":\"https:\/\/schema.org\",\"@graph\":[{\"@type\":\"WebPage\",\"@id\":\"https:\/\/serralleriamarch.com\/forja\/mortuori-eclesiastic\/\",\"url\":\"https:\/\/serralleriamarch.com\/forja\/mortuori-eclesiastic\/\",\"name\":\"Mortuori eclesi\u00e0stic - Serralleria March\",\"isPartOf\":{\"@id\":\"https:\/\/serralleriamarch.com\/#website\"},\"primaryImageOfPage\":{\"@id\":\"https:\/\/serralleriamarch.com\/forja\/mortuori-eclesiastic\/#primaryimage\"},\"image\":{\"@id\":\"https:\/\/serralleriamarch.com\/forja\/mortuori-eclesiastic\/#primaryimage\"},\"thumbnailUrl\":\"https:\/\/serralleriamarch.com\/wp-content\/uploads\/2019\/09\/cruz_forja_destacat.jpg\",\"datePublished\":\"2019-09-06T09:12:05+00:00\",\"dateModified\":\"2024-03-28T18:42:20+00:00\",\"description\":\"Creem elements de mortuori eclesi\u00e0stic totalment a mida i personalitzats. En forma de pla\u00e7a commemorativa, creu, l\u00e0pides o elements accessoris.\",\"breadcrumb\":{\"@id\":\"https:\/\/serralleriamarch.com\/forja\/mortuori-eclesiastic\/#breadcrumb\"},\"inLanguage\":\"en-US\",\"potentialAction\":[{\"@type\":\"ReadAction\",\"target\":[\"https:\/\/serralleriamarch.com\/forja\/mortuori-eclesiastic\/\"]}]},{\"@type\":\"ImageObject\",\"inLanguage\":\"en-US\",\"@id\":\"https:\/\/serralleriamarch.com\/forja\/mortuori-eclesiastic\/#primaryimage\",\"url\":\"https:\/\/serralleriamarch.com\/wp-content\/uploads\/2019\/09\/cruz_forja_destacat.jpg\",\"contentUrl\":\"https:\/\/serralleriamarch.com\/wp-content\/uploads\/2019\/09\/cruz_forja_destacat.jpg\",\"width\":1633,\"height\":2535},{\"@type\":\"BreadcrumbList\",\"@id\":\"https:\/\/serralleriamarch.com\/forja\/mortuori-eclesiastic\/#breadcrumb\",\"itemListElement\":[{\"@type\":\"ListItem\",\"position\":1,\"name\":\"Inici\",\"item\":\"https:\/\/serralleriamarch.com\/en\/\"},{\"@type\":\"ListItem\",\"position\":2,\"name\":\"Treballs de forja\",\"item\":\"https:\/\/serralleriamarch.com\/forja\/\"},{\"@type\":\"ListItem\",\"position\":3,\"name\":\"Mortuori eclesi\u00e0stic\"}]},{\"@type\":\"WebSite\",\"@id\":\"https:\/\/serralleriamarch.com\/#website\",\"url\":\"https:\/\/serralleriamarch.com\/\",\"name\":\"Serralleria March\",\"description\":\"Taller artesanal de forja i escultura amb ferro\",\"potentialAction\":[{\"@type\":\"SearchAction\",\"target\":{\"@type\":\"EntryPoint\",\"urlTemplate\":\"https:\/\/serralleriamarch.com\/?s={search_term_string}\"},\"query-input\":\"required name=search_term_string\"}],\"inLanguage\":\"en-US\"}]}<\/script>\n<!-- \/ Yoast SEO plugin. -->","yoast_head_json":{"title":"Mortuori eclesi\u00e0stic - Serralleria March","description":"Creem elements de mortuori eclesi\u00e0stic totalment a mida i personalitzats. En forma de pla\u00e7a commemorativa, creu, l\u00e0pides o elements accessoris.","robots":{"index":"index","follow":"follow","max-snippet":"max-snippet:-1","max-image-preview":"max-image-preview:large","max-video-preview":"max-video-preview:-1"},"canonical":"https:\/\/serralleriamarch.com\/forja\/mortuori-eclesiastic\/","og_locale":"en_US","og_type":"article","og_title":"Mortuori eclesi\u00e0stic - Serralleria March","og_description":"Creem elements de mortuori eclesi\u00e0stic totalment a mida i personalitzats. En forma de pla\u00e7a commemorativa, creu, l\u00e0pides o elements accessoris.","og_url":"https:\/\/serralleriamarch.com\/forja\/mortuori-eclesiastic\/","og_site_name":"Serralleria March","article_modified_time":"2024-03-28T18:42:20+00:00","og_image":[{"width":1633,"height":2535,"url":"https:\/\/serralleriamarch.com\/wp-content\/uploads\/2019\/09\/cruz_forja_destacat.jpg","type":"image\/jpeg"}],"twitter_card":"summary_large_image","twitter_misc":{"Est. reading time":"3 minutes"},"schema":{"@context":"https:\/\/schema.org","@graph":[{"@type":"WebPage","@id":"https:\/\/serralleriamarch.com\/forja\/mortuori-eclesiastic\/","url":"https:\/\/serralleriamarch.com\/forja\/mortuori-eclesiastic\/","name":"Mortuori eclesi\u00e0stic - Serralleria March","isPartOf":{"@id":"https:\/\/serralleriamarch.com\/#website"},"primaryImageOfPage":{"@id":"https:\/\/serralleriamarch.com\/forja\/mortuori-eclesiastic\/#primaryimage"},"image":{"@id":"https:\/\/serralleriamarch.com\/forja\/mortuori-eclesiastic\/#primaryimage"},"thumbnailUrl":"https:\/\/serralleriamarch.com\/wp-content\/uploads\/2019\/09\/cruz_forja_destacat.jpg","datePublished":"2019-09-06T09:12:05+00:00","dateModified":"2024-03-28T18:42:20+00:00","description":"Creem elements de mortuori eclesi\u00e0stic totalment a mida i personalitzats. En forma de pla\u00e7a commemorativa, creu, l\u00e0pides o elements accessoris.","breadcrumb":{"@id":"https:\/\/serralleriamarch.com\/forja\/mortuori-eclesiastic\/#breadcrumb"},"inLanguage":"en-US","potentialAction":[{"@type":"ReadAction","target":["https:\/\/serralleriamarch.com\/forja\/mortuori-eclesiastic\/"]}]},{"@type":"ImageObject","inLanguage":"en-US","@id":"https:\/\/serralleriamarch.com\/forja\/mortuori-eclesiastic\/#primaryimage","url":"https:\/\/serralleriamarch.com\/wp-content\/uploads\/2019\/09\/cruz_forja_destacat.jpg","contentUrl":"https:\/\/serralleriamarch.com\/wp-content\/uploads\/2019\/09\/cruz_forja_destacat.jpg","width":1633,"height":2535},{"@type":"BreadcrumbList","@id":"https:\/\/serralleriamarch.com\/forja\/mortuori-eclesiastic\/#breadcrumb","itemListElement":[{"@type":"ListItem","position":1,"name":"Inici","item":"https:\/\/serralleriamarch.com\/en\/"},{"@type":"ListItem","position":2,"name":"Treballs de forja","item":"https:\/\/serralleriamarch.com\/forja\/"},{"@type":"ListItem","position":3,"name":"Mortuori eclesi\u00e0stic"}]},{"@type":"WebSite","@id":"https:\/\/serralleriamarch.com\/#website","url":"https:\/\/serralleriamarch.com\/","name":"Serralleria March","description":"Taller artesanal de forja i escultura amb ferro","potentialAction":[{"@type":"SearchAction","target":{"@type":"EntryPoint","urlTemplate":"https:\/\/serralleriamarch.com\/?s={search_term_string}"},"query-input":"required name=search_term_string"}],"inLanguage":"en-US"}]}},"_links":{"self":[{"href":"https:\/\/serralleriamarch.com\/en\/wp-json\/wp\/v2\/forja\/892"}],"collection":[{"href":"https:\/\/serralleriamarch.com\/en\/wp-json\/wp\/v2\/forja"}],"about":[{"href":"https:\/\/serralleriamarch.com\/en\/wp-json\/wp\/v2\/types\/forja"}],"version-history":[{"count":4,"href":"https:\/\/serralleriamarch.com\/en\/wp-json\/wp\/v2\/forja\/892\/revisions"}],"predecessor-version":[{"id":2034,"href":"https:\/\/serralleriamarch.com\/en\/wp-json\/wp\/v2\/forja\/892\/revisions\/2034"}],"wp:featuredmedia":[{"embeddable":true,"href":"https:\/\/serralleriamarch.com\/en\/wp-json\/wp\/v2\/media\/919"}],"wp:attachment":[{"href":"https:\/\/serralleriamarch.com\/en\/wp-json\/wp\/v2\/media?parent=892"}],"curies":[{"name":"wp","href":"https:\/\/api.w.org\/{rel}","templated":true}]}}

Mortuori eclesiàstic

<h2 class="has-text-align-center wp-block-heading">Des dels inicis de la Serralleria March, sempre hi ha hagut un vincle amb la  Basílica de Santa Maria de Mataró.</h2>



<h2 class="has-text-align-center wp-block-heading">Les quatre generacions de forjadors hi han  deixat la seva empremta.</h2>



<p>Forgem amb la sensibilitat que es mereix els elements mortuoris i eclesiàstics, personalitzats per les famílies i familiars. Realitzem creus i decoracions per làpides, elements i accessoris per panteons i recintes funeraris. Recordatoris i plaques commemoratives. I tot el que comporta la seva protecció d’aquest entorns amb reixes, tancaments, baranes i portes i defenses per les criptes.</p>



<p class="has-text-align-center">Per rendir un últim homenatge els sers estimats que deixen en aquesta vida.</p>



<p>Tanmateix construïm tot tipus d’elements de forja de decoració per les esglésies, basíliques i ermites. Per il·luminar i protegir els entorns i espai sagrats com els altars, les capelles i les criptes.&nbsp;</p>



<p class="has-text-align-center">Projectes&nbsp; per complementar i decorar la imatgeria religiosa o bé de nova creació.</p>



<div style="height:20px" aria-hidden="true" class="wp-block-spacer"></div>



<figure class="wp-block-gallery has-nested-images columns-1 is-cropped wp-block-gallery-1 is-layout-flex wp-block-gallery-is-layout-flex">
<figure class="wp-block-image"><img loading="lazy" decoding="async" width="768" height="1024" data-id="897" src="https://serralleriamarch.com/wp-content/uploads/2019/09/cruz_forja2-768x1024.jpg" alt="" class="wp-image-897" srcset="https://serralleriamarch.com/wp-content/uploads/2019/09/cruz_forja2.jpg 768w, https://serralleriamarch.com/wp-content/uploads/2019/09/cruz_forja2-225x300.jpg 225w" sizes="(max-width: 768px) 100vw, 768px" /></figure>



<figure class="wp-block-image"><img loading="lazy" decoding="async" width="768" height="1024" data-id="900" src="https://serralleriamarch.com/wp-content/uploads/2019/09/cruz_forja3-768x1024.jpg" alt="" class="wp-image-900" srcset="https://serralleriamarch.com/wp-content/uploads/2019/09/cruz_forja3.jpg 768w, https://serralleriamarch.com/wp-content/uploads/2019/09/cruz_forja3-225x300.jpg 225w" sizes="(max-width: 768px) 100vw, 768px" /></figure>



<figure class="wp-block-image"><img loading="lazy" decoding="async" width="768" height="1024" data-id="903" src="https://serralleriamarch.com/wp-content/uploads/2019/09/cruz_forja4-768x1024.jpg" alt="" class="wp-image-903" srcset="https://serralleriamarch.com/wp-content/uploads/2019/09/cruz_forja4.jpg 768w, https://serralleriamarch.com/wp-content/uploads/2019/09/cruz_forja4-225x300.jpg 225w" sizes="(max-width: 768px) 100vw, 768px" /></figure>



<figure class="wp-block-image"><img loading="lazy" decoding="async" width="768" height="1024" data-id="906" src="https://serralleriamarch.com/wp-content/uploads/2019/09/cruz_forja5-768x1024.jpg" alt="" class="wp-image-906" srcset="https://serralleriamarch.com/wp-content/uploads/2019/09/cruz_forja5.jpg 768w, https://serralleriamarch.com/wp-content/uploads/2019/09/cruz_forja5-225x300.jpg 225w" sizes="(max-width: 768px) 100vw, 768px" /></figure>



<figure class="wp-block-image"><img loading="lazy" decoding="async" width="1024" height="768" data-id="909" src="https://serralleriamarch.com/wp-content/uploads/2019/09/cruz_forja6-1024x768.jpg" alt="" class="wp-image-909" srcset="https://serralleriamarch.com/wp-content/uploads/2019/09/cruz_forja6.jpg 1024w, https://serralleriamarch.com/wp-content/uploads/2019/09/cruz_forja6-300x225.jpg 300w, https://serralleriamarch.com/wp-content/uploads/2019/09/cruz_forja6-768x576.jpg 768w" sizes="(max-width: 1024px) 100vw, 1024px" /></figure>



<figure class="wp-block-image"><img loading="lazy" decoding="async" width="1024" height="768" data-id="912" src="https://serralleriamarch.com/wp-content/uploads/2019/09/cruz_forja7-1024x768.jpg" alt="" class="wp-image-912" srcset="https://serralleriamarch.com/wp-content/uploads/2019/09/cruz_forja7.jpg 1024w, https://serralleriamarch.com/wp-content/uploads/2019/09/cruz_forja7-300x225.jpg 300w, https://serralleriamarch.com/wp-content/uploads/2019/09/cruz_forja7-768x576.jpg 768w" sizes="(max-width: 1024px) 100vw, 1024px" /></figure>



<figure class="wp-block-image"><img loading="lazy" decoding="async" width="768" height="1024" data-id="915" src="https://serralleriamarch.com/wp-content/uploads/2019/09/cruz_forja8-768x1024.jpg" alt="" class="wp-image-915" srcset="https://serralleriamarch.com/wp-content/uploads/2019/09/cruz_forja8.jpg 768w, https://serralleriamarch.com/wp-content/uploads/2019/09/cruz_forja8-225x300.jpg 225w" sizes="(max-width: 768px) 100vw, 768px" /></figure>
</figure>

<!-- This site is optimized with the Yoast SEO plugin v23.0 - https://yoast.com/wordpress/plugins/seo/ -->
<title>Mortuori eclesiàstic - Serralleria March</title>
<meta name="description" content="Creem elements de mortuori eclesiàstic totalment a mida i personalitzats. En forma de plaça commemorativa, creu, làpides o elements accessoris." />
<meta name="robots" content="index, follow, max-snippet:-1, max-image-preview:large, max-video-preview:-1" />
<link rel="canonical" href="https://serralleriamarch.com/forja/mortuori-eclesiastic/" />
<meta property="og:locale" content="en_US" />
<meta property="og:type" content="article" />
<meta property="og:title" content="Mortuori eclesiàstic - Serralleria March" />
<meta property="og:description" content="Creem elements de mortuori eclesiàstic totalment a mida i personalitzats. En forma de plaça commemorativa, creu, làpides o elements accessoris." />
<meta property="og:url" content="https://serralleriamarch.com/forja/mortuori-eclesiastic/" />
<meta property="og:site_name" content="Serralleria March" />
<meta property="article:modified_time" content="2024-03-28T18:42:20+00:00" />
<meta property="og:image" content="https://serralleriamarch.com/wp-content/uploads/2019/09/cruz_forja_destacat.jpg" />
	<meta property="og:image:width" content="1633" />
	<meta property="og:image:height" content="2535" />
	<meta property="og:image:type" content="image/jpeg" />
<meta name="twitter:card" content="summary_large_image" />
<meta name="twitter:label1" content="Est. reading time" />
	<meta name="twitter:data1" content="3 minutes" />
<script type="application/ld+json" class="yoast-schema-graph">{"@context":"https://schema.org","@graph":[{"@type":"WebPage","@id":"https://serralleriamarch.com/forja/mortuori-eclesiastic/","url":"https://serralleriamarch.com/forja/mortuori-eclesiastic/","name":"Mortuori eclesiàstic - Serralleria March","isPartOf":{"@id":"https://serralleriamarch.com/#website"},"primaryImageOfPage":{"@id":"https://serralleriamarch.com/forja/mortuori-eclesiastic/#primaryimage"},"image":{"@id":"https://serralleriamarch.com/forja/mortuori-eclesiastic/#primaryimage"},"thumbnailUrl":"https://serralleriamarch.com/wp-content/uploads/2019/09/cruz_forja_destacat.jpg","datePublished":"2019-09-06T09:12:05+00:00","dateModified":"2024-03-28T18:42:20+00:00","description":"Creem elements de mortuori eclesiàstic totalment a mida i personalitzats. En forma de plaça commemorativa, creu, làpides o elements accessoris.","breadcrumb":{"@id":"https://serralleriamarch.com/forja/mortuori-eclesiastic/#breadcrumb"},"inLanguage":"en-US","potentialAction":[{"@type":"ReadAction","target":["https://serralleriamarch.com/forja/mortuori-eclesiastic/"]}]},{"@type":"ImageObject","inLanguage":"en-US","@id":"https://serralleriamarch.com/forja/mortuori-eclesiastic/#primaryimage","url":"https://serralleriamarch.com/wp-content/uploads/2019/09/cruz_forja_destacat.jpg","contentUrl":"https://serralleriamarch.com/wp-content/uploads/2019/09/cruz_forja_destacat.jpg","width":1633,"height":2535},{"@type":"BreadcrumbList","@id":"https://serralleriamarch.com/forja/mortuori-eclesiastic/#breadcrumb","itemListElement":[{"@type":"ListItem","position":1,"name":"Inici","item":"https://serralleriamarch.com/en/"},{"@type":"ListItem","position":2,"name":"Treballs de forja","item":"https://serralleriamarch.com/forja/"},{"@type":"ListItem","position":3,"name":"Mortuori eclesiàstic"}]},{"@type":"WebSite","@id":"https://serralleriamarch.com/#website","url":"https://serralleriamarch.com/","name":"Serralleria March","description":"Taller artesanal de forja i escultura amb ferro","potentialAction":[{"@type":"SearchAction","target":{"@type":"EntryPoint","urlTemplate":"https://serralleriamarch.com/?s={search_term_string}"},"query-input":"required name=search_term_string"}],"inLanguage":"en-US"}]}</script>
<!-- / Yoast SEO plugin. -->

Mortuori eclesiàstic - Serralleria March

Creem elements de mortuori eclesiàstic totalment a mida i personalitzats. En forma de plaça commemorativa, creu, làpides o elements accessoris.
